*m**2 + 61. Let w(l) = -8*l**2 + 183. Let d(t) = 7*a(t) - 2*w(t). Let g(j) be the first derivative of d(j). Determine g(4).
16
Let n(c) = -13*c**3 - c**2 - 2*c - 1. Let k = 130 - 235. Let l be 175/k - (3 + (-22)/6). Determine n(l).
13
Let j(q) be the second derivative of -q**3/6 + 25*q**2/2 - 914*q + 1. What is j(-17)?
42
Suppose f + 76 = -5*g, -18*g - f + 41 = -22*g. Let t(b) be the second derivative of -b**5/20 - 13*b**4/12 - b**3/3 - 19*b**2/2 - 3*b. Give t(g).
7
Let c(o) = -2*o**3 + 11*o**2 + 8*o + 16. Suppose 3*g = -6, 5*g - 6 = -2*v - 4. Give c(v).
28
Let m(k) = -4*k**3 + 2*k**2 + 3*k + 1. Let v be 4/114*3 + 35995/95. Let n = 377 - v. Give m(n).
35
Suppose -r = -9*x - 114, -3*r - 6*x = -x - 502. Let f = r + -172. Let p(y) = y**3 + 14*y**2 + 12*y - 13. Determine p(f).
0
Let p(s) be the first derivative of -s**3/3 - 2*s**2 - 6*s - 1537. Let h(f) = 3*f + 1. Let u be (-3 - 2) + 1 - -2. Let q be h(u). Determine p(q).
-11
Let d(j) = j**2 - 2*j. Let c(m) = -m + 3. Let o be c(0). Let q be d(o). Suppose 3*p = 3*g - 9, 0*g + q = 3*g - 5*p. Let t(z) = z**2 - 7*z - 2. Determine t(g).
-8
Let p(l) = -l**3 - l**2 + 2. Let k be (5 - 3)*(-3 + 1). Let t be (-1*4/(-8) - 0)*k. What is p(t)?
6
Suppose 4*a = -4*v + 88, 0*a - 4*a - 62 = -2*v. Suppose -16*x + v = -23. Let j(h) = -21 + 34 - 3*h**3 + 2*h**x + 6*h**2 + 4*h - 19. Determine j(7).
-27
Let t(g) = -19*g + 1. Let u(f) = 9*f. Let j(n) = -6*t(n) - 13*u(n). Let a = 32457 - 32463. What is j(a)?
12
Suppose 0 = 109*a - 47 - 62. Let b(s) be the first derivative of 5*s**3/3 - 3. Determine b(a).
5
Let y(a) be the first derivative of -a**5/60 - 5*a**4/24 + a**3/2 - 3*a**2 + 8*a - 254. Let b(x) be the second derivative of y(x). Determine b(-8).
-21
Let y = -534 - -540. Suppose 5*x = y + 4. Let q(r) = 7*r - 3. What is q(x)?
11
Let o(u) be the first derivative of u**7/840 - u**6/45 - u**5/12 - u**4/8 + u**3/3 - 103*u + 173. Let d(s) be the third derivative of o(s). Determine d(9).
-12
Let b(v) = -4 + 5*v**3 - 4*v**2 + 8*v - 6*v**3 + 11. Let o be 141/(-27) - (4/9)/(-2). Give b(o).
-8
Let i be (1 - (0 - -2)) + -4. Let h = i - -12. Let t(w) = 8*w - 49. Let r be t(h). Let d(u) = -u**2 + 7*u - 1. Determine d(r).
-1
Let l = -10474 + 10474. Let a(o) = -o**2 - 93. Give a(l).
-93
Let q(c) = -2*c + 1. Let n be q(-3). Let h(r) = r**3 + 8*r**2 + 11*r - 12. Let p be h(-5). Let o(u) = -1 - 420*u + p - u**2 + 428*u. What is o(n)?
14
Let n(k) = -k**3 + 7*k**2 - 7*k - 5. Let o(t) = -6*t**2 - 10*t + 4. Let m be o(7). Let f = 366 + m. Calculate n(f).
-11
Let t(u) be the first derivative of 7*u**2 + 0*u - 5/6*u**3 - 1/60*u**5 - 14 + 1/6*u**4. Let n(y) be the second derivative of t(y). Determine n(5).
-10
Let b(h) = 10*h + 58. Let y(f) = -23*f - 126. Let q(z) = -5*b(z) - 2*y(z). Calculate q(-9).
-2
Let x(d) = 674 + 17*d - 323 - 355. Determine x(-7).
-123
Let g(d) = 3*d**2 - 9*d + 41. Let u(h) = h**2 + 2*h + 2. Let v(k) = -g(k) + 2*u(k). Give v(7).
5
Let k(c) = -2*c**2 + 231*c - 1725. Let w be k(8). Let v(s) = -s**2 - 5*s - 1. Give v(w).
-1
Suppose -1 = -j + 3. Let x(i) = 2 - 3 - 13 + 7*i + 3 + 16. What is x(j)?
33
Let m be (-21)/49 + (-90)/(-14). Let o(t) = -3*t**2 + 10*t + 3. Determine o(m).
-45
Let b(i) = -13*i + 13. Let u(p) = -p**2 - 19*p - 95. Let q be u(-11). Give b(q).
104
Suppose -4567 = 7*b - 4553. Let o(k) = -23*k**2 - 6*k - 6. Give o(b).
-86
Let v(c) = 48*c**3 - 131*c**2 - 4*c + 15. Let f(i) = -9*i**3 + 26*i**2 + i - 3. Let y(a) = 21*f(a) + 4*v(a). Give y(-7).
11
Let s = -31 + 31. Let n = 11 - 11. Suppose s = 3*v - 6, -3*v = -f - 1 - n. Let k(h) = -h**3 + 4*h**2 + 4*h - 5. Give k(f).
-10
Let l(v) be the first derivative of 23*v**5/120 + 11*v**3/3 + 3*v**2 - 169. Let n(q) be the third derivative of l(q). Calculate n(1).
23
Let y(n) = -120*n**3 + 82374*n**2 + n - 82302*n**2 + 122*n**3 + 33. Calculate y(-36).
-3
Let r(f) = -f**3 + 3*f**2 + 4*f. Let o be r(-2). Suppose d + o + 8 = -3*y, -5*y = -d + 20. Let b(k) = -k - 6. Calculate b(d).
-1
Let o(h) = -16*h - 498. Let w(a) = 24*a + 720. Let b(c) = -7*o(c) - 5*w(c). Give b(-17).
22
Let x(n) = -n**3 - 32*n**2 - 12*n - 96. Let b be x(-32). Suppose 24*s + b = -12*s. Let r(m) = -3*m + 10. What is r(s)?
34
Let o(v) = v**3 - 25*v**2 + 66*v - 5. Suppose -78 = 15*m - 408. Let y be o(m). Let j(u) = 2*u + 15. Determine j(y).
5
Let h(y) = y**2 + 4*y + 6. Let l = -323 + 323. Suppose 6*i - i - 5*f + 25 = l, 5*i = -f - 19. Give h(i).
6
Let l(y) = -16*y - 6 - 108 + 54 + 1. What is l(-4)?
5
Let g(c) = 36*c - 19*c - 12*c - 10 + 15. Give g(-4).
-15
Let k(w) = -3*w**3 + 7*w**2 + 10*w + 19. Let g(l) = -2*l**3 + 5*l**2 + 7*l + 13. Let s(x) = -7*g(x) + 5*k(x). Suppose 4948*f - 174 = 5035*f. Calculate s(f).
10
Let i(j) = j**3 - 12*j**2 + 8*j + 35. Let v be i(11). Let f(u) be the first derivative of u**3/3 + u**2 - 3*u + 4. Give f(v).
5
Let t be -15 + -4 + 377/13. Let m(d) = -d**3 + 10*d**2 + 10*d - 43. Give m(t).
57
Let w(i) be the third derivative of i**5/60 - 5*i**4/8 + 31*i**3/6 - 703*i**2. What is w(13)?
5
Let s(u) = 18*u**2 + u. Let f(r) = -r**3 - 7*r**2 + 495*r - 18. Let w be f(19). Calculate s(w).
19
Let k(r) be the first derivative of -2*r**2 + 5*r - 401. Let u = 10 + -8. Suppose 5*s = -b + 29, -u*b = s + 3*b - 1. Determine k(s).
-19
Let b(r) = -46*r + 23*r + 22*r + 24*r - 3 + 10*r. What is b(-3)?
-102
Suppose -j - 2*y + 6*y = -15, -j + 23 = 4*y. Suppose -2*l - j = 4*s - 137, s - l - 31 = 0. Let x be (-10)/s + 17/(-3). Let o(d) = 2*d + 7. Determine o(x).
-5
Let x(g) = 2*g + 70 - 13*g + 4*g + 108. Determine x(27).
-11
Let b(i) = 9*i**2 - 2*i - 17. Let g(x) = 25*x**2 - 5*x - 50. Let q(j) = -8*b(j) + 3*g(j). What is q(2)?
0
Suppose 5*m + 5*v = 15, -3*m + 30 = -4*v + 7. Suppose 6 = -41*s + 44*s. Let t(h) = -4*h**s - 4*h + 5*h**2 + 5 - 3. What is t(m)?
7
Let n(f) = 4*f - 22. Let a be (2/8 - 2/4)/((-1)/20). What is n(a)?
-2
Let o(q) = q - 3. Let x be o(3). Let g(r) = -2*r**3 + 9*r**2 + 11*r + 9. Let j(k) = k**3 - 4*k**2 - 5*k - 6. Let d(t) = 4*g(t) + 9*j(t). What is d(x)?
-18
Let n = 7875 - 7867. Let x(p) = -p**3 + 8*p**2 - 4*p - 17. Calculate x(n).
-49
Let m = -73 - -74. Let x(p) = -18*p**3 - p. Let r be x(m). Let n = -23 - r. Let q(l) = l**3 + 4*l**2 + 3. What is q(n)?
3
Let f(w) = -w**2 + 2 - 10554*w + 5274*w + 5279*w + 6. What is f(4)?
-12
Let r(v) = -v**3 + 37*v**2 - 45*v - 54. Let q(h) = 2*h**3 - 76*h**2 + 90*h + 113. Let c(o) = 6*q(o) + 13*r(o). Give c(23).
-1
Let c(f) be the first derivative of f**3/3 - f**2 + 3*f + 17. Let d be c(-2). Suppose u + 5 = d. Let n(p) = -p**2 + 6*p - 7. Give n(u).
-7
Let h be 118/8 + 24/32 + 1/(-2). Let w(x) = -x**3 + 17*x**2 - 29*x - 27. Determine w(h).
-12
Suppose 45 = 3*r - 3*h - 36, 4*r - 108 = -5*h. Let w(s) = s**3 - 26*s**2 - 25*s - 59. Let c be w(r). Let o(b) = 6 + 4*b + 0 + 0. Calculate o(c).
-14
Let m = -15991 + 15959. Let v(g) = -10*g**2 - 321*g - 31. Give v(m).
1
Let g(u) be the second derivative of u**4/12 - u**3/2 + u**2 - 135*u. Let i be 1*(-1 + -1) + 2. Suppose -b + 0*b - 3 = i. What is g(b)?
20
Suppose -a - 23 = -5*f, -2*a - 5*f = -11 - 18. Let l(s) = 4*s**3 - s - 3. Calculate l(a).
27
Let x(u) = 6*u + 69. Let w(r) = 4*r + 46. Let i = -763 + 770. Let p(o) = i*w(o) - 5*x(o). What is p(-12)?
1
Let l(b) = -3*b + 12. Suppose -4*o + 14 = 22. Let n be (o + 2 - 15)*(-2)/(-5). Let t be 3/18 - (-1)/(n/(-47)). Calculate l(t).
-12
Let g be (-1963)/(-4) - 7/(-28). Let w(p) = 981*p - g*p - 492*p - 6. Give w(-9).
12
Let w(x) be the first derivative of -7*x**2/2 - 5*x + 1925. Determine w(-4).
23
Let y = -68 - -88. Let u = -34 - -37. Suppose 5*x = u*x + y. Let g(m) = m**3 - 10*m**2 - m + 2. Calculate g(x).
-8
Let y = 34 + -29. Suppose s + 4*b = -y, -b - 4 = s - 8. Let n(t) = t**2 - 6*t - 8. What is n(s)?
-1
Let c(p) = -6*p - 21. Let l = 863 + -814. Suppose -200 = -9*j + l*j. What is c(j)?
9
Let u(f) = -2*f**3 - 9*f**2 + 9*f + 20. Let w(y) = 292*y - 589. Let t be w(2). What is u(t)?
0
Let g(h) be the third derivative of -h**5/60 + 17*h**4/24 - 13*h**3/2 - 2*h**2 - h + 1004. Calculate g(9).
33
Let y(k) = k**2 + 4*k + 6. Suppose 4*h - 18 = -2*h. Suppose -h*l - 19 = 4*c, -3*c = 15*l - 12*l + 18. Determine y(l).
11
Let q(u) = 7*u**2 + 35*u - 270. Let m(j) = -2*j**2 + j + 57. Let v(r) = -5*m(r) - q(r). Determine v(14).
13
Let p(m) = 2*m - 2. Let a(f) = f**2 + 27*f + 